n base 15, what is -25 - -a7e?
a59
In base 8, what is 455 + 22256?
22733
In base 14, what is 9cb0b + -5?
9cb06
In base 3, what is -221101 + -1112?
-222220
In base 8, what is -50610 + 21?
-50567
In base 11, what is 3 - -4330?
4333
In base 7, what is -16121 + 6?
-16112
In base 13, what is b97 - 16?
b81
In base 5, what is 1012 + -232440?
-231423
In base 13, what is 322 + -20?
302
In base 8, what is -5 + 2754450?
2754443
In base 13, what is -856 + -c5?
-94b
In base 11, what is 4 - -2491a?
24923
In base 15, what is -258 - -414?
1ab
In base 16, what is -1163 - -68?
-10fb
In base 11, what is 10 + 1012?
1022
In base 8, what is -1730 - 114?
-2044
In base 13, what is 1 + -ba08?
-ba07
In base 11, what is 12 - 6492?
-6480
In base 10, what is 21335 - 23?
21312
In base 9, what is -51526 + 10?
-51516
In base 12, what is 770b10 - -2?
770b12
In base 9, what is -88133 + 4?
-88128
In base 11, what is -78139 + 7?
-78132
In base 11, what is 139 - 401?
-273
In base 15, what is d1 - d1?
0
In base 11, what is 29825 - 1?
29824
In base 7, what is -2666 + -460?
-3456
In base 12, what is 1 + 32a?
32b
In base 16, what is 819b - 4?
8197
In base 6, what is -100213 + 13?
-100200
In base 12, what is -a46 - -24?
-a22
In base 4, what is -121 + 111110?
110323
In base 7, what is 13110 + -15?
13062
In base 16, what is 31d2b - -2?
31d2d
In base 3, what is 110020111 - -22?
110020210
In base 9, what is -1 - 35862?
-35863
In base 7, what is 105540 + -4?
105533
In base 7, what is -34 - -663?
626
In base 16, what is -9ef - 168?
-b57
In base 4, what is -10232311 - -10?
-10232301
In base 16, what is 4128 - 8?
4120
In base 2, what is -1100 + -1000000000101111111?
-1000000000110001011
In base 15, what is 5 + e8a?
e90
In base 16, what is 1 + -2db?
-2da
In base 5, what is -43 + -34214?
-34312
In base 5, what is -13 - 341404?
-341422
In base 2, what is -1001101010101 - 10?
-1001101010111
In base 10, what is -107965 + 5?
-107960
In base 10, what is -2741 + 21?
-2720
In base 2, what is 101 + -1111110000001110?
-1111110000001001
In base 8, what is 100260 + 32?
100312
In base 10, what is -5 - -101593?
101588
In base 3, what is 100 + -2212221?
-2212121
In base 13, what is -c + -52c?
-53b
In base 12, what is -28 + -b763?
-b78b
In base 10, what is -141460 + 29?
-141431
In base 16, what is -9f - -1a?
-85
In base 4, what is -10 - 10022330?
-10023000
In base 6, what is 223410 + 45?
223455
In base 16, what is 145d7 - 2?
145d5
In base 6, what is -1555 - 121155?
-123154
In base 16, what is 689b5 + 7?
689bc
In base 7, what is -24 + -33312?
-33336
In base 16, what is -3 + -74f0?
-74f3
In base 8, what is -533364 - -2?
-533362
In base 12, what is 12a7 - -13?
12ba
In base 10, what is -2266 + 4?
-2262
In base 2, what is 1000 + -11100011111?
-11100010111
In base 15, what is 11 - eae?
-e9d
In base 4, what is -300201030 + -11?
-300201101
In base 5, what is -41 - -241211?
241120
In base 14, what is 374d0 + 0?
374d0
In base 7, what is 311113 - 62?
311021
In base 5, what is 10 - -111344434?
111344444
In base 3, what is -1220 + 1011001220?
1011000000
In base 15, what is 37 - 5892?
-585a
In base 14, what is 21c4 - -c?
21d2
In base 9, what is -2255 + 201?
-2054
In base 2, what is 10101001011110 + -111111?
10101000011111
In base 15, what is -5 + 51451?
5144b
In base 11, what is 14120 + 5?
14125
In base 2, what is -110001011101 + -10101001?
-110100000110
In base 8, what is 1125 - -111?
1236
In base 3, what is 10221 + 122121121?
122202112
In base 4, what is 22121 - -1032?
23213
In base 8, what is -1531 + -2621?
-4352
In base 13, what is 2 + -19373?
-19371
In base 3, what is 2001100022 - -10?
2001100102
In base 4, what is 1030232002 - 0?
1030232002
In base 15, what is -143ad - 4?
-143b2
In base 3, what is 1 - 112221000121?
-112221000120
In base 15, what is -80 - 4b?
-cb
In base 10, what is -4 - 54811?
-54815
In base 16, what is -57 - 263?
-2ba
In base 2, what is -1011111000 - -1100?
-1011101100
In base 4, what is 23 - -11300302?
11300331
In base 14, what is -1 + -6d53c?
-6d53d
In base 12, what is 1942a0 - 2?
19429a
In base 11, what is 121746 - 5?
121741
In base 2, what is 10001 - -10101001110?
10101011111
In base 10, what is 984 - 3?
981
In base 3, what is -200222 - 112201?
-1020200
In base 16, what is 26d0 - -24?
26f4
In base 13, what is b - -1885?
1893
In base 3, what is 100012 - 11011121?
-10211102
In base 13, what is -111 - 5a61?
-5b72
In base 16, what is 1 + 4d06?
4d07
In base 6, what is 102554 - -2?
103000
In base 6, what is -113400 + 25?
-113331
In base 12, what is 0 - 106911?
-106911
In base 5, what is 3014212 + 4?
3014221
In base 14, what is -9708 + 6?
-9702
In base 2, what is 1111101001111 + -10011100?
1111010110011
In base 12, what is 3647 + -5?
3642
In base 6, what is 0 + 114215?
114215
In base 6, what is -12544 - -2?
-12542
In base 12, what is 4 - 20b26?
-20b22
In base 9, what is -1087 + -2700?
-3787
In base 7, what is -3 + 42533?
42530
In base 15, what is -3 - -2eb5?
2eb2
In base 16, what is 5 - 29ef?
-29ea
In base 8, what is -404 + -216?
-622
In base 3, what is -201120 + -221?
-202111
In base 13, what is 119 - -291?
3aa
In base 6, what is 41 - -4120?
4201
In base 15, what is -cba6 + a?
-cb9b
In base 3, what is -221 + 1122221?
1122000
In base 9, what is 4 - 8172?
-8167
In base 14, what is 0 + -32a48?
-32a48
In base 15, what is e + -123e5?
-123d6
In base 4, what is -211332 - 2000?
-213332
In base 14, what is -19 - -72b?
712
In base 7, what is -26235 + 33?
-26202
In base 16, what is -9 - 75de?
-75e7
In base 8, what is 5716 - 25?
5671
In base 3, what is -11202 - -121211?
110002
In base 10, what is -391120 - -4?
-391116
In base 4, what is -1101 - 230302?
-232003
In base 3, what is 121120212 - 1?
121120211
In base 9, what is -32540 + -1?
-32541
In base 9, what is -325 - -4868?
4543
In base 5, what is 12234114 + 4?
12234123
In base 16, what is -5 + 1682?
167d
In base 3, what is 1210 - -1122211?
1201121
In base 12, what is -2 + 9b2?
9b0
In base 14, what is -2d3b8 + -3?
-2d3bb
In base 11, what is 50056 - 2?
50054
In base 9, what is -5010 + 6?
-5003
In base 7, what is -1 + 451164?
451163
In base 8, what is 4164 + -213?
3751
In base 3, what is -10 + -1101211120010?
-1101211120020
In base 2, what is 1000 + -1001101010011?
-1001101001011
In base 8, what is 1 + -406753?
-406752
In base 5, what is -10 + -1114434?
-1114444
In base 3, what is -200 - -1210111?
1202211
In base 14, what is 22c + 674?
8a2
In base 6, what is -11 + -3414342?
-3414353
In base 6, what is 231 - -211234?
211505
In base 9, what is -47 + 2302?
2244
In base 14, what is 26493 - -4?
26497
In base 9, what is 11835 - -21?
11856
In base 7, what is -1421315 - -6?
-1421306
In base 6, what is 0 + -13252301?
-13252301
In base 9, what is -82 - 1630?
-1722
In base 14, what is -3346a + -2?
-3346c
In base 14, what is 136 + 62c?
764
In base 14, what is -689 - 172?
-81b
In base 11, what is -23 + -129a21?
-129a44
In base 6, what is -4123 + 2413?
-1310
In base 8, what is 1 + -1176?
-1175
In base 7, what is -3545 + 21?
-3524
In base 9, what is -17286 - 1?
-17287
In base 9, what is -68 - 73256?
-73335
In base 2, what is 1010010011 + -11011?
1001111000
In base 10, what is 5 - 108902?
-108897
In base 15, what is -1dd5 + -68?
-1e4d
In base 16, what is 6b872 - -2?
6b874
In base 15, what is 8ac + 31?
8dd
In base 9, what is -2 - 22880?
-22882
In base 11, what is -444 - 32?
-476
In base 4, what is -213313211 + -11?
-213313222
In base 7, what is -620 - 606?
-1526
In base 9, what is 2205 - 1?
2204
In base 5, what is 141423314 - 4?
141423310
In base 10, what is -33277 + 17?
-33260
In base 5, what is 110 + 3324?
3434
In base 2, what is 110010 - 1100000110101?
-1100000000011
In base 10, what is -4 + -13141?
-13145
In base 15, what is -33e - -120?
-21e
In base 10, what is -2 + -55704?
-55706
In base 7, what is 11455 - -214?
12002
In base 9, what is 3 - 1511?
-1507
In base 6, what is -5 - -132401?
132352
In base 13, what is b5 - 1bb0?
-1ac8
In base 2, what is 11000001111100011010 - 1?
11000001111100011001
In base 3, what is 112 - 220221?
-220102
In base 6, what is 3020 + 5143?
12203
In base 11, what is -90 + 2a88?
29a8
In base 5, what is -11133 + 2202?
-3431
In base 4, what is 210 - 1103233?
-1103023
In base 3, what is -101212000 - 0?
-101212000
In base 3, what is 1 - 11000?
-10222
I